3*n(r). Let i(v) = 7*v + 1. Let k(w) = -g(w) + i(w). What is the tens digit of k(2)?
1
Let h(x) = 3*x**2 - 88*x + 44. What is the hundreds digit of h(35)?
6
Let l(b) = 4*b**2 + 9*b - 11. What is the hundreds digit of l(5)?
1
Let w = 448 + 378. What is the tens digit of w?
2
Suppose 0 = 4*u + 8, h - 4*u - 220 = 5516. What is the thousands digit of h?
5
Let t(w) = 95*w - 5. What is the hundreds digit of t(3)?
2
Suppose -5*l - 10*a = -9*a + 2217, 4*l + 5*a + 1761 = 0. Let u = l - -627. What is the units digit of u?
3
What is the units digit of (-22)/(-2 - 14*12/(-87))?
9
Suppose 3*v - 2*n - 368 = 1727, 5*v = -2*n + 3513. What is the hundreds digit of v?
7
What is the hundreds digit of ((-79)/3)/((-7)/231)?
8
Suppose 37*p - 42*p - 55 = 0. What is the tens digit of 52 + 1 + (p - -10)?
5
Suppose -5*j = -5*k + 5, -8 = -k + 5*k. Let h be j/(-6)*0/(-1). Let m(p) = -p + 24. What is the tens digit of m(h)?
2
Let s(y) = 4*y**3 + y**2 - 4*y - 2. Let d be s(4). What is the units digit of d/16 + 1/8?
6
Let h be 3/(2 + 0 + -1). Suppose 0 = h*m + 25 - 274. What is the units digit of m?
3
Let a be 0 - 36/(-3 - -1). Let f be (4/(-3))/((-6)/a). Suppose d + 4*o - 1 = 0, -4*d - 2*o + 28 = -f. What is the units digit of d?
9
Let w(q) = -59 - 7*q + 50 + 0*q**2 - q**2. What is the units digit of w(-4)?
3
Let f(j) be the second derivative of 1/2*j**3 - j**2 + 2*j + 0 + 1/2*j**4. What is the tens digit of f(-2)?
1
Suppose -5927 - 4883 = -10*v. What is the thousands digit of v?
1
Let f = -6 - -11. Suppose f*l = -2*k + 4*k - 35, -k = -3*l - 18. What is the units digit of k?
5
Suppose -2*x + 6*x + 2*l - 14 = 0, -3*x - 2 = -l. Let k(o) = 67*o**3 - o**2 + o - 1. What is the units digit of k(x)?
6
Let f = -6 + 12. What is the units digit of 1/(-3) + 392/f?
5
Let u be (-14)/(3 + (-11 - -4))*-6. Suppose -p - 4 = -5*p. What is the units digit of (3/(-9))/(p/u)?
7
Let h = -23 - -95. Suppose -3*v = -54 - h. What is the units digit of v?
2
What is the tens digit of 93/(-31) + 0 + 555/1?
5
Let m(g) = 9*g - 17. Let v(z) = -5*z + 8. Let o(h) = -4*m(h) - 9*v(h). What is the units digit of o(2)?
4
Let c = 107 - 72. Let o = -14 + c. Suppose 0 = -3*y - 4*a + o, y - 5*a = -17 + 5. What is the units digit of y?
3
Let v = -1614 + 3127. What is the hundreds digit of v?
5
Suppose y = 5*y + 3*p + 22, 2*p = -4*y - 20. Let r be (18/4)/((-3)/6). What is the units digit of (r/(-2))/((-3)/y)?
6
Suppose 679 = 5*l + f, -4*l + 678 = l + 2*f. Suppose -l = -2*g - 0*u - 4*u, 3*g + 2*u = 216. What is the tens digit of g?
7
Let t(o) = -o**3 - 3*o**2 - 4*o + 7. Let u be t(-5). Let y = -45 + u. Suppose -2*h + y = 3*b - 3*h, -16 = -b - h. What is the tens digit of b?
1
Suppose x = 5*p + 4, -p = 3*x - 2*x - 4. Suppose p = -k + 4*w - 11, 0*k - 4*w = -4*k - 20. What is the tens digit of 4*(k - 50/(-8))?
1
What is the tens digit of 0 + (-9)/(-18) + 2681/2?
4
Let o be ((-3)/(-2))/(11/528). Let u = 46 - o. Let w = u - -63. What is the units digit of w?
7
Suppose -q - 30 = -y, 37*y - 120 = 33*y + 3*q. What is the tens digit of y?
3
Let l = -331 + 525. What is the tens digit of l?
9
Suppose -u + 31 = 27. Suppose 3*y - u = -49. What is the units digit of -6*5/(y/24)?
8
Let y(w) = 2*w**2 + 6*w + 1. Suppose -5*i - 11 = 2*r, -2*r + i - 30 = -7*r. Let t(z) = -z + 2. Let g be t(r). What is the tens digit of y(g)?
2
Let s be 2 + 63/18*(-4)/(-7). Suppose 2*v = 0, z = -3*z - 3*v + 16. Let r = s + z. What is the units digit of r?
8
Suppose 0 = 5*y - 2*n - 1912, 10*y = 5*y - 5*n + 1940. Let c = y + -233. What is the hundreds digit of c?
1
Suppose -3*q = -11*q - 48. What is the units digit of (-230)/(-6) - (-2)/q?
8
What is the tens digit of 7190/12 - 20/(-24)?
0
Let v be (-2)/(-7) - 578/14. Let h = 16 + v. Let g = -18 - h. What is the units digit of g?
7
Suppose -2*d - 50 - 38 = -4*g, -4*g + 86 = -d. What is the tens digit of (-1)/(20/g - (-1 - -2))?
2
Suppose 254*g + 918 = 260*g. What is the tens digit of g?
5
Let t(g) = -g**2 - 13*g + 28. Let i(o) = o**2 - o. Let s(a) = 2*i(a) + t(a). What is the units digit of s(13)?
2
Let j = 50 - 19. Let s = j + 32. What is the units digit of s?
3
Let h be 4/(-8) + (-11)/(-2). Suppose h*q + 2*v = 3*v + 286, 3*q - 168 = -3*v. What is the units digit of q?
7
Suppose 3*n - 4 = n. Suppose n*b + 4*c = 3*b - 25, 4*b = -5*c + 205. What is the tens digit of b?
4
Suppose 3*t - 6*t - 9 = 0, 2*y - 59 = -t. What is the tens digit of y?
3
Suppose 0*v = -v + 102. Suppose -3*i + v = 2*h + 5, 3*h + 25 = i. Let f = i + -14. What is the units digit of f?
7
Let n be (1 - 646/(-10)) + 4/10. What is the tens digit of (-8)/(-32) + 6/8 + n?
6
Let s = -58 - -99. Let h = 113 - s. What is the units digit of h?
2
Let n(o) = o**3 - 9*o**2 + 15*o - 53. What is the units digit of n(8)?
3
Let l = -204 - -513. What is the units digit of l?
9
Let r(v) = -v**3 + 4*v**2 + 6*v - 1. Let f be r(5). Suppose 0 = -f*g + 12, g + 2*g = -d + 309. Suppose -n = 4*n - d. What is the tens digit of n?
6
Suppose 3*r + 0*r = n, 2*n = r - 5. Let c(h) = 4*h**2 - 6*h + 1. What is the tens digit of c(n)?
5
Let d(u) = 7*u + 1. Let f(q) = q + 1. Let x(p) = d(p) + 4*f(p). What is the tens digit of x(3)?
3
What is the units digit of -172*(-12)/((-120)/(-70))?
4
Let y be (4/(-5))/(4/10). Let v(x) = -14*x**3 - x**2 + 4*x + 26. Let l(b) = 3*b**3 - b - 5. Let o(i) = -11*l(i) - 2*v(i). What is the tens digit of o(y)?
4
Suppose 3*d + d - 39 = -3*n, -3*n + 15 = 0. Suppose 3*g = d*o - 4*o + 68, 86 = 4*g - 5*o. What is the tens digit of g?
2
Let f(o) = 30*o**2 + 16*o + 203. What is the hundreds digit of f(-10)?
0
Let p be (-2)/6*27/(-1). Suppose -2*v + 2*l - l = -p, -2*l - 2 = 4*v. What is the tens digit of 6*20/8 - v?
1
Let w(h) = -24*h - 17. What is the units digit of w(-3)?
5
Suppose 4*d + 2*s = -0*d - 66, 0 = -4*s - 4. Suppose -j - 5 = 10. Let b = j - d. What is the units digit of b?
1
Suppose -1248 = -6*g - 234. Let p = g + -76. What is the units digit of p?
3
Suppose 2*i = -c - 182 + 3, 4*c + 768 = 5*i. Let h = -53 - c. What is the units digit of h?
4
Let j be (1 - 0)*(-3)/1. Let q(b) be the first derivative of -b**4/2 - b**3/3 + b**2 - 4*b + 1. What is the tens digit of q(j)?
3
Suppose -3*y + 10 = 3*z - 2, 0 = -y + 4*z + 29. What is the units digit of 5/3 - (0 + 6/y)?
1
Suppose 0 = -n - 2*w - 14, 2*n + 0*w + 3*w + 23 = 0. What is the tens digit of ((-86)/n - -1)*12/10?
2
Let z = 200 + -109. Suppose -2*r + 129 = -z. What is the hundreds digit of r?
1
Suppose -2 = -u, -3*u = m - 0*u. Let p = 6 + m. Suppose -5*q - 5*b + 70 = p, 0 = -b - 3*b. What is the tens digit of q?
1
Let k be (-9)/(-6)*(-20)/(-6). Suppose w + w - 5 = -u, 3*u = -k*w + 13. Suppose 2*o = -d + 49, 2*o - 4*d = -w*o + 104. What is the units digit of o?
5
Suppose 2*k + o - 314 = 0, 0 = 2*k - 4*o - o - 314. What is the hundreds digit of k?
1
Suppose 0*b + 8 = -2*b, 0 = 2*r + 4*b - 1662. What is the units digit of r?
9
Suppose -2*q - q + 3 = 0. Suppose 3*y + 13 = 2*z, 3*z - q = 4*z + y. Suppose z*l + 8 = 46. What is the tens digit of l?
1
What is the units digit of ((-44)/3 + 15)/(2/6390)?
5
Let a = -110 + 115. Suppose 0 = -4*t - 3*v + 847, -a*t + 4*v + 59 = -961. What is the units digit of t?
8
Suppose 171*f + r + 23561 = 176*f, 4*f = -4*r + 18868. What is the tens digit of f?
1
Suppose m = 2, 2*y + 4*m = m + 8. What is the tens digit of (52/(-16))/(y/(-16)*1)?
5
Suppose 6*j - 370 = j. Let q = -21 + -11. Let b = q + j. What is the units digit of b?
2
Let p = -35 - -55. Let x be (-5)/p - (-50)/8. Let b(y) = 4*y - 4. What is the tens digit of b(x)?
2
Let y = 617 + -519. What is the units digit of y?
8
Let l(f) = 2 - 25*f + f**3 - 12 + 28*f + 7*f**2. What is the units digit of l(-5)?
5
Let c be 195/30*2/1. Let z = c - -50. What is the tens digit of z/(-6)*4*-1?
4
Suppose 9*p = 6927 + 2073. What is the hundreds digit of p?
0
Let x = -493 - -781. What is the hundreds digit of x?
2
Let w(a) = a**2 + 2*a - 6. Let z be w(-4). Let n be (-6)/4*z + 1. What is the tens digit of (n + 3)*3 - -64?
6
Suppose -2*v = 3*v + 20, -3*z - 2*v + 7 = 0. Suppose g + 0*g = 5*i + 29, 21 = -g - z*i. What is the units digit of g?
4
Suppose -d = -0*q + 5*q - 98, -3*d + 3*q + 258 = 0. Suppose -8*h = -5*h - 3, 0 = 5*j + h + 264. Let i = j + d. What is the tens digit of i?
3
Let a be (0/2)/(0 + -1). Suppose a*u = f - 